
37
Suppose 138*y - 2970 = 116*y. Calculate the remainder when y is divided by 47.
41
Let a(s) = -15*s + 99. Let m = -54 + 95. What is the remainder when m is divided by a(5)?
17
Let r = 218 + -197. What is the remainder when 100 is divided by r?
16
Let w be 20/9 + 6/(-27). Suppose -5*p = -w*r + 3, r + 3*p - 7 = -0*r. Calculate the remainder when 6 is divided by r.
2
Suppose -m + 0*m + n - 1 = 0, 4*m + 4*n = 36. Let t be (-6)/m*184/12. Calculate the remainder when 49 is divided by 2 + 1 - t*1.
23
Suppose 2*o - 54 = -4*o. Suppose -22 = -10*g + o*g. Calculate the remainder when 87 is divided by g.
21
Let g be (-17 + 3)*(-4)/(-1). Let b(a) = -a**2 - 11*a - 8. Let x be b(-8). Calculate the remainder when x/g + (-872)/(-14) is divided by 21.
20
Let m = -65 - -145. What is the remainder when m is divided by 41?
39
Suppose 14*r = -22*r + 504. What is the remainder when r is divided by 3/(-2)*(-40)/12?
4
Let m = -160 - -13. Let d = -69 - m. Calculate the remainder when d is divided by 41.
37
Suppose -5*d = -10*d - u + 434, -2*u = 2*d - 172. What is the remainder when d is divided by 22?
21
Calculate the remainder when 24 is divided by (-40)/6*-5*(-36)/(-120).
4
Let h = -63 - -39. What is the remainder when 118 is divided by 90/h*(-7 - 1)?
28
What is the remainder when 548 is divided by -4 - (590/(-2))/5?
53
Let d(n) = -32*n - 17. Let p be d(-8). Let g = -80 + p. Calculate the remainder when g is divided by 18.
15
Let f = -100 + 104. Calculate the remainder when 15 is divided by f.
3
Let s(g) = g**2 - 8*g + 2. Let j be s(8). Let n = 39 - j. What is the remainder when n is divided by 9?
1
Suppose 0 = 14*f - 3*f - 2508. What is the remainder when (-1)/(-2) + f/8 is divided by 15?
14
Let o = -72 - -149. Calculate the remainder when o is divided by 22.
11
Suppose 15*g = 98 + 1192. Calculate the remainder when g is divided by 48.
38
Let r = 2 - 2. Suppose r*z - z = -3*p + 172, -5*p - 4*z + 281 = 0. Suppose 4*g + p = o, 2*g = 5*o - 125 - 196. What is the remainder when o is divided by 22?
21
Let r = 18 + 51. Let j = r - 42. Calculate the remainder when 131 is divided by j.
23
Suppose b - 5*v - 126 + 42 = 0, -b = 5*v - 34. Calculate the remainder when b is divided by 9.
5
Calculate the remainder when 556 is divided by (-1 - -64) + 216/18 + -19.
52
What is the remainder when 39 is divided by 13 - (40/(-4) + 6)?
5
Suppose 0 = 4*j - 3 - 5. Suppose n - 9 = -4*h + 24, j*h - 9 = -3*n. Let o(l) = -2*l**2 - 38*l - 2. What is the remainder when o(-18) is divided by h?
7
Let s(x) = 6*x**2 + 17*x + 63. What is the remainder when 188 is divided by s(-3)?
56
Suppose 5*n + 89 = 2*u, -3*u - 2*u + 300 = 3*n. Calculate the remainder when u is divided by 21.
15
Let g = 177 - 120. What is the remainder when g is divided by 7 - -26 - 2/1?
26
Suppose -4*g = g + 515. What is the remainder when 44 is divided by (-4)/(-14) + g/(-7)?
14
Suppose 0 = 3*s + 4*q - 20, -s + 2 = -q - 0*q. Let y = 48 - 48. Suppose y*h + s*h + 81 = 5*t, h = t - 17. What is the remainder when 36 is divided by t?
10
Let o be 4 - (1 + 0 + -2). Suppose 4*k + 3*n - 41 + 4 = 0, k - o*n = 15. Suppose 0 = z - 4*z + 81. Calculate the remainder when z is divided by k.
7
Suppose -5*b = 3*s - 140, -3*s + 5*b + 1 = -99. What is the remainder when s is divided by 11?
7
Let m be 3/(-12) - 1041/(-4). Suppose 4 = 4*z - m. Suppose 0*j + 3*j - w = 56, -4*j + z = 3*w. What is the remainder when 53 is divided by j?
17
Let m = -526 - -546. Suppose -3*d - 36 + 198 = 0. What is the remainder when d is divided by m?
14
Suppose -46*k = -49*k + 12. Suppose -p + 46 = -u, 0*u - k*u + 104 = 2*p. What is the remainder when 141 is divided by p?
45
Let k(l) = -6*l + 29. Let w be k(6). Suppose -1 = p - 3. Let x = p - w. What is the remainder when 25 is divided by x?
7
Suppose -q + 1 + 1 = 2*g, -5*q + 5*g + 85 = 0. Calculate the remainder when 23 is divided by q.
11
Let k(v) = -v**3 - 5*v**2 - 17*v - 64. What is the remainder when k(-5) is divided by 13?
8
What is the remainder when 374 is divided by -8 + (9 - (8 + -133))?
122
Let x = 1896 + -1741. What is the remainder when x is divided by 26?
25
Let l = 326 - 237. Calculate the remainder when 710 is divided by l.
87
Suppose -21*x = -17*x - 108. Calculate the remainder when 94 is divided by x.
13
Suppose 0 = 96*u - 94*u - 372. Suppose 32*h - u = 26*h. What is the remainder when 91 is divided by h?
29
Suppose -10*w + 11*w - 11 = 0. Let f(m) = -5*m - 5 + 4 + 3*m + 8. Calculate the remainder when f(-12) is divided by w.
9
Let v(t) = -t**2 - t + 2. Let m be v(0). Let f(r) = -35*r + 1132. What is the remainder when f(32) is divided by (-1 - m/(-4))*-14?
5
Let n = 679 - 661. What is the remainder when 521 is divided by n?
17
Suppose -1 = -y - 2. Let n = -6 - -11. Let r = n - y. What is the remainder when 22 is divided by r?
4
Suppose -4*z + 4*x + 72 = 0, 5*x - 8*x = 15. Calculate the remainder when 22 is divided by z.
9
Suppose 3*f - 2*f + 3*m - 12 = 0, -6 = -3*f - 3*m. Calculate the remainder when ((-1 - f) + 6)*7 is divided by 20.
16
Calculate the remainder when 26 + -30 - (0 + -16) is divided by 2.
0
Let c be (39 - 6/(-2))/(-1). Let x be 610/9 + 16/72. Let s = x + c. Calculate the remainder when s is divided by 9.
8
Let g(r) = -r**3 - 9*r**2 + 19*r - 24. Calculate the remainder when 1/2 - (-155)/10 is divided by g(-11).
7
Suppose 0 = 4*m - 2*c - 76, 3*m + 10*c - 58 = 11*c. What is the remainder when 147 is divided by m?
7
Suppose -2*z + 5*i = -65, -8 = 5*z + 2*i - 127. Calculate the remainder when 88 is divided by z.
13
Let s(x) = 7*x + 44. What is the remainder when s(-5) is divided by (-2)/(-16) - -6*(-5)/(-16)?
1
Let y be -3 - -4 - (-4)/2. Suppose 0*t = y*t. Suppose 4*f - 136 = -t*f. What is the remainder when f is divided by 18?
16
Suppose -17*y - 350 = -31*y. Calculate the remainder when 71 is divided by y.
21
Suppose -2*h + 102 = -2*m, 0*h + 5*h - 256 = 4*m. Calculate the remainder when h is divided by 33.
19
Suppose 16*u - 11*u - 3681 = 3*y, 4*y - 2197 = -3*u. Calculate the remainder when u is divided by 41.
38
Let h be (-62)/(-5)*35/14. Let n = h - 23. Calculate the remainder when 15 is divided by n.
7
Let y(j) = 5*j**2 - 11*j + 64. Calculate the remainder when y(6) is divided by 26.
22
Let q(s) = 3*s - 2. Let c be q(2). What is the remainder when 38 is divided by (13/(-4))/((-1)/c)?
12
Let q = -11 - -13. Let k = 35 - q. Let y(m) = -5*m - 3. What is the remainder when k is divided by y(-3)?
9
Let o be (-15)/12*-46*12/5. Suppose -o = -10*u + 4*u. Calculate the remainder when 43 is divided by u.
20
Suppose 10 = -2*g, -4*x + 4*g + 119 = 3. What is the remainder when -5 + -1 + 3498/66 is divided by x?
23
Suppose -n - 124 = 27*p - 30*p, -5*n - 18 = -p. Calculate the remainder when 61 is divided by p.
18
Let f(h) = -15*h - 37. Calculate the remainder when 130 is divided by f(-4).
15
Suppose 4*i - 5 = 7, 0 = 3*y + 2*i - 165. What is the remainder when 105 is divided by y?
52
Let h(c) = 48*c + 481. Calculate the remainder when 3 is divided by h(-10).
0
Let p = 295 + -442. Let c = p + 245. What is the remainder when c is divided by 25?
23
Let a(o) = -o - 6. Let d be a(-6). Suppose m = -2 - 0, -v + 4*m + 50 = d. Suppose 0 = 215*b - 207*b - 88. What is the remainder when v is divided by b?
9
Let y(a) = -a**2 + 26*a + 6. Calculate the remainder when 11 is divided by y(26).
5
Let o(q) = q**3 + q**2 + q - 1. Let n(b) = -7*b**2 - 7*b + 1. Let r(z) = -n(z) - 4*o(z). What is the remainder when r(-2) is divided by 2/(-5) + 72/5?
13
Let g(h) = -36*h + 195. What is the remainder when 40 is divided by g(5)?
10
Suppose 0 = -r - 8 - 13. Suppose 0 = 5*p + 176 + 34. Let c = r - p. What is the remainder when 82 is divided by c?
19
Let y = 165 - -264. Calculate the remainder when y is divided by 8.
5
Calculate the remainder when 3358 is divided by ((-43)/((-387)/(-6)))/((-1)/60).
38
Calculate the remainder when 287 is divided by ((-3)/(-2))/(4 + (-847)/220).
7
Calculate the remainder when 77 is divided by (-104)/130 - (-224)/5.
33
Suppose 5*j - 15 = -0*j. Suppose 110 = 5*c + 5*a, -c + j*a = -0*c - 34. Calculate the remainder when 47 is divided by c.
22
Suppose 3*i + 0*o = -2*o + 53, 3*i - 4*o = 47. Let t = -11 + i. Suppose -t*j = -7*j + 16. What is the remainder when 46 is divided by j?
14
Suppose -88 = 6*i 